?
False
Is 687369047 prime?
True
Is 2416697 prime?
True
Is 113164727 composite?
True
Is 48791 a prime number?
False
Is 14025619 prime?
True
Is 501828631 a prime number?
False
Is 971237 a composite number?
False
Is 118168571 prime?
True
Is 16163187 a composite number?
True
Is 127724087 a prime number?
True
Is 5853787 composite?
True
Is 1293793 a composite number?
True
Is 67235917 prime?
False
Is 40537 composite?
True
Is 65144197 a prime number?
True
Is 396038083 a composite number?
True
Is 369311 a prime number?
False
Is 4419845 prime?
False
Is 35354179 a prime number?
False
Is 9819671 composite?
False
Is 74074227 a composite number?
True
Is 241520017 a composite number?
False
Is 84533066 prime?
False
Is 132769109 prime?
False
Is 229636919 prime?
True
Is 299043035 prime?
False
Is 1692583 a composite number?
False
Is 164491837 a composite number?
True
Is 804719 a prime number?
False
Is 1746551 composite?
True
Is 32816359 composite?
True
Is 4029073 a composite number?
True
Is 162287 prime?
True
Is 969761 a prime number?
False
Is 171068019 a prime number?
False
Is 535107401 a composite number?
False
Is 3414149 composite?
True
Is 73648865 a composite number?
True
Is 14783731 prime?
False
Is 140387191 a composite number?
True
Is 165857737 a prime number?
True
Is 38316595 composite?
True
Is 1355581 a composite number?
True
Is 3423493 prime?
False
Is 20407763 composite?
True
Is 21781094 prime?
False
Is 1030851607 prime?
True
Is 74152823 composite?
True
Is 10099499 a composite number?
False
Is 256159 a composite number?
True
Is 210253777 composite?
False
Is 1619789 a prime number?
False
Is 9048431 a prime number?
False
Is 4350767 a prime number?
False
Is 5591081 a prime number?
True
Is 35975015 a composite number?
True
Is 25559797 a prime number?
True
Is 170539399 composite?
False
Is 3388523 a composite number?
False
Is 61757567 a prime number?
False
Is 797223971 a composite number?
False
Is 3419567 a prime number?
False
Is 221510693 a composite number?
False
Is 1018763 prime?
True
Is 6690457 composite?
True
Is 223061 prime?
True
Is 671353 a prime number?
True
Is 1576741 prime?
False
Is 357939649 a composite number?
False
Is 844823 a prime number?
False
Is 712816909 a prime number?
False
Is 14652922 prime?
False
Is 287857879 a prime number?
False
Is 22373957 prime?
False
Is 147096539 a prime number?
False
Is 17750597 a prime number?
False
Is 39977983 a prime number?
False
Is 739909 composite?
False
Is 260969 prime?
True
Is 29472623 prime?
True
Is 2696779 composite?
False
Is 235272977 a prime number?
False
Is 9147085 prime?
False
Is 116445239 a prime number?
True
Is 11188163 a composite number?
True
Is 5621189 prime?
False
Is 5002091 a composite number?
True
Is 3874151 a composite number?
False
Is 4781831 prime?
True
Is 5743723 a composite number?
True
Is 27127319 a prime number?
False
Is 289877123 a prime number?
False
Is 1177861 a composite number?
True
Is 64709405 prime?
False
Is 9800041 composite?
True
Is 183549827 composite?
False
Is 20839231 prime?
False
Is 119600717 a composite number?
False
Is 285811705 composite?
True
Is 16659911 a prime number?
True
Is 10545919 a prime number?
False
Is 86869586 composite?
True
Is 373777286 a prime number?
False
Is 16378547 composite?
True
Is 408779479 composite?
True
Is 2792531 composite?
True
Is 8933357 a composite number?
True
Is 26415134 prime?
False
Is 60504439 composite?
False
Is 136744049 a composite number?
True
Is 948377 prime?
True
Is 4624135 composite?
True
Is 487049 a composite number?
False
Is 1479865 composite?
True
Is 23800083 composite?
True
Is 21436601 a prime number?
True
Is 141188321 a composite number?
True
Is 3828589 a composite number?
False
Is 7961651 a prime number?
True
Is 7067281 a composite number?
True
Is 80718613 a composite number?
False
Is 18106423 composite?
False
Is 152287069 a composite number?
True
Is 3428603 a composite number?
True
Is 42062807 composite?
False
Is 17867521 composite?
True
Is 3413611 a composite number?
False
Is 59275919 composite?
False
Is 81852733 a composite number?
True
Is 2606729 a prime number?
False
Is 11767117 a composite number?
True
Is 44676161 a composite number?
True
Is 9379501 prime?
True
Is 27273689 prime?
True
Is 2579621 a prime number?
False
Is 186829 a prime number?
False
Is 3901031 prime?
True
Is 25661795 prime?
False
Is 1834721 composite?
True
Is 8129873 prime?
True
Is 15644689 a prime number?
True
Is 399343303 a composite number?
False
Is 11594641 composite?
False
Is 32854433 composite?
False
Is 7674083 prime?
False
Is 55433 prime?
False
Is 7293827 a prime number?
True
Is 4670569 a prime number?
False
Is 6017909 composite?
False
Is 11996987 composite?
False
Is 23773 a composite number?
False
Is 1705637 a prime number?
True
Is 28969453 a composite number?
False
Is 166217119 prime?
True
Is 2854223 a composite number?
False
Is 4401223 a prime number?
False
Is 83691703 a prime number?
True
Is 415223 prime?
False
Is 389442385 a composite number?
True
Is 3581542 prime?
False
Is 10121063 prime?
True
Is 12209933 a prime number?
True
Is 113548657 a prime number?
False
Is 31732937 composite?
False
Is 69619061 a prime number?
False
Is 193019 composite?
True
Is 11710043 a composite number?
True
Is 103691 a prime number?
False
Is 1547173 prime?
True
Is 469321 composite?
False
Is 84970043 prime?
True
Is 794271 a composite number?
True
Is 545370911 a composite number?
False
Is 21211481 composite?
False
Is 14246431 prime?
False
Is 37816385 prime?
False
Is 18313765 composite?
True
Is 2420917 a composite number?
False
Is 25526057 prime?
False
Is 996953 a composite number?
False
Is 57473789 composite?
False
Is 1359433 composite?
True
Is 709991 a prime number?
True
Is 2459657 prime?
True
Is 3448105 prime?
False
Is 3658297 composite?
False
Is 14543887 a composite number?
True
Is 36273439 composite?
False
Is 2868773 prime?
True
Is 14368969 a prime number?
True
Is 127294 a prime number?
False
Is 8607943 a composite number?
False
Is 7692382 composite?
True
Is 375330127 composite?
False
Is 32721011 a composite number?
True
Is 106170527 a prime number?
False
Is 60800233 a prime number?
False
Is 13470631 a prime number?
True
Is 1921567 prime?
False
Is 156773 a composite number?
True
Is 6575469 prime?
False
Is 149863117 a prime number?
True
Is 82529 prime?
True
Is 28905557 a composite number?
False
Is 74650123 a prime number?
False
Is 7441589 composite?
True
Is 3680261 a prime number?
False
Is 2684287 a composite number?
False
Is 203608739 composite?
True
Is 259717 prime?
True
Is 5876867 a composite number?
False
Is 14577289 composite?
False
Is 5768159 composite?
False
Is 309176351 prime?
False
Is 142516687 a composite number?
False
Is 85300113 a composite number?
True
Is 10022059 a prime number?
True
Is 7021787 prime?
False
Is 522600889 a composite number?
False
Is 45337219 a prime number?
True
Is 1302563 a prime number?
True
Is 777617 a composite number?
False
Is 3278147 composite?
False
Is 327401 a composite number?
False
Is 302959 composite?
False
Is 53646107 prime?
True
Is 140265713 composite?
True
Is 98091283 a prime number?
False
Is 508757 prime?
False
Is 65659499 a composite number?
False
Is 1974187 a composite number?
True
Is 39646267 a prime number?
False
Is 7263901 prime?
True
Is 44829339 a prime number?
False
Is 160961963 a composite number?
False
Is 1182163 composite?
True
Is 59528147 composite?
True
Is 424423 a prime number?
True
Is 103544369 composite?
False
Is 102205007 a prime number?
False
Is 29928953 composite?
False
Is 1845017 a composite number?
False
Is 90830433 prime?
False
Is 17033311 a prime number?
True
Is 223635367 composite?
True
Is 1681639 a composite number?
False
Is 19300621 a composite number?
False
Is 317318541 composite?
True
Is 372013739 a composite number?
False
Is 4656809 composite?
False
Is 244846001 a prime number?
True
Is 1490257 prime?
True
Is 1974221 a prime number?
True
Is 39169439 prime?
False
Is 28430263 a composite number?
False
Is 162136277 a prime number?
True
Is 6872989 prime?
False
Is 3335378 prime?
False
Is 516640702 a composite number?
True
Is 36327871 composite?
True
Is 58173697 a prime number?
True
Is 127637 prime?
True
Is 141541769 a prime number?
False
Is 3232237 composite?
True
Is 1598203 a prime number?
Fa